*p + 9*p**2. What is the units digit of m(-6)?
6
Let l = 1270 + -793. Let t = -241 + l. What is the units digit of t?
6
Suppose 5*v - 8647 = y - 793, 2*y - 1573 = -v. Suppose 0 = -h - 628 + v. Suppose 0 = -4*a - 167 + h. What is the hundreds digit of a?
1
Suppose 20 = 911*x - 907*x. Suppose 0 = -p - 3, r + 5*p + 11 = 1. Suppose -x*j = -a + 226, a = -r*j + 84 + 182. What is the hundreds digit of a?
2
Suppose -6*v = -4*q - 2*v + 7784, 2*q - 5*v - 3877 = 0. Suppose 3089 = 21*f - q. What is the hundreds digit of f?
2
Suppose 18*a - 19*a = -280. Let t be (-3)/(-2)*2 + 0. Suppose a = -t*k + 13*k. What is the units digit of k?
8
Let t = -881 - -3794. Suppose 23*j - 17472 = -t. What is the hundreds digit of j?
6
Suppose 13 = 3*g - 5*n, 5*g - 5*n - 27 - 8 = 0. Let q(b) = -3*b**3 - 12 - 20*b + 2*b**3 + 19*b**2 - 6*b**2. What is the tens digit of q(g)?
1
Let h(n) = 7*n**3 - 32*n**2 - 6*n - 42. What is the units digit of h(13)?
1
Suppose -s - 47 + 62 = 0. What is the units digit of s + -13 - 2 - 542/(-2)?
1
Let x(y) = -24*y - 13. Let h = 82 + -79. Suppose 8 = 2*b - 2*z - 2*z, -15 = h*z. What is the hundreds digit of x(b)?
1
Suppose 0 = -6*l - 0*l - 18. Let r = 55 + l. Let y = r + -8. What is the tens digit of y?
4
Let r(a) = 754*a + 1653. What is the hundreds digit of r(7)?
9
Let h(f) be the third derivative of 101*f**4/12 - 7*f**3 - f**2 + 6*f. What is the units digit of h(5)?
8
Suppose -3*u = -12*u. Suppose -4*t + 1860 = 2*o, u = 28*t - 23*t - 15. What is the hundreds digit of o?
9
Let y = 992 + -555. Suppose -3*p = 5*j - y, 2*j - 414 = -4*p + 192. What is the units digit of p?
4
Let f = -639 + 3379. What is the hundreds digit of f/(-18)*-1 + 20/(-90)?
1
Let s(m) = m**3 + 13*m**2 - 49*m - 16. Let b be s(-16). Suppose -3*y + 3*l - 807 = -2685, 2*y - 4*l - 1252 = b. What is the tens digit of y?
2
Suppose -2*j = -c + 4*c - 29, -3*j + 43 = 5*c. Suppose 14*g = j*g - 1536. Suppose 4*o - 7*y - g = -9*y, 4*o - 3*y = 778. What is the units digit of o?
3
Suppose 0 = 4*b - 5*f - 2 - 14, 2*f - 4 = -b. Let y(z) = 12*z**3 - z**2 + 12*z - 18. What is the tens digit of y(b)?
8
Suppose -110*s + 45*s + 104077 = -68303. What is the thousands digit of s?
2
Let h(s) = -100*s - 5. Let d = -46 - -45. Let o be h(d). Suppose -o*x = -97*x + 12. What is the units digit of x?
6
Suppose 20*k - 57*k + 157464 = -62686. What is the units digit of k?
0
Suppose 16*o = 10*o + 6. Let v be o*10/(-25)*5. What is the tens digit of -3 - (-5)/2 - 419/v?
0
Let c = 35393 + -30059. What is the units digit of c?
4
Let x(d) = 5*d + 95. Let g be x(-19). What is the hundreds digit of (-226*18/(-12))/(1 + g)?
3
Let q = -902 + 445. Let f = q + 1245. What is the hundreds digit of f?
7
Suppose 257 = -4*i - 391. Let p = i + -65. Let x = -128 - p. What is the tens digit of x?
9
Suppose l - 109 + 114 = 0. Let n(u) = 25 + 4 - 7 - 21*u. What is the hundreds digit of n(l)?
1
Let w = 254 - 180. What is the tens digit of -2 + w/1 - 0/2?
7
Let p = 3 - 0. Suppose y + 4*k - 15 = -4*y, 3*k = y - p. Suppose 0 = -5*t + 5*d + 260, -2*d = y*t + 92 - 253. What is the units digit of t?
3
Let l(w) be the first derivative of 4*w**3/3 - 7*w**2 - 50*w + 94. What is the tens digit of l(20)?
7
Let k = -7910 + 13727. What is the thousands digit of k?
5
Let c be (35/14)/((-1)/(1 + -3)). Suppose -4*m + 2*k = -10, -3*m = -2*m - 3*k. Suppose -83 + c = -m*w. What is the units digit of w?
6
Let u = -44 + -5. Let w = 57 + u. Suppose -w*g = -21 - 3. What is the units digit of g?
3
Let l(z) = 38*z + 2492. What is the tens digit of l(-26)?
0
Let a = -8 + 4. Let p(j) = 20*j + 9. Let q be p(-2). What is the units digit of q*(-8 - -3 - a)?
1
Suppose -3*f + 3*c = 4674, 0*f + 7782 = -5*f + 3*c. Let a = -914 - f. What is the units digit of a?
0
Let f be -2*(-1)/(-7) + 928/14. Suppose 0 = -f*d + 71*d - 2105. What is the units digit of d?
1
Let a(x) = -9*x + 28. Let v = -77 + 98. Let m be a(v). Let p = -67 - m. What is the tens digit of p?
9
Let u(m) = -5*m**2 - 28*m - 12. Let g(s) = -s**2 + s. Let k(z) = 2*g(z) - u(z). What is the hundreds digit of k(14)?
0
Let h = 308 + -814. Let a = 128 - h. What is the tens digit of a?
3
Suppose 0 = 4*m + 33*m + 13246. What is the units digit of 4 + (m/(-8))/((-5)/(-20))?
3
Suppose 4*z + 2*h - 41304 = 0, 13*z - 100292 = -3*h + 33960. What is the hundreds digit of z?
3
Suppose -796*h = -791*h + 80. What is the hundreds digit of -2*8/(h/(-5)) - -200?
1
Let h = 226 + -177. Suppose d - 53 = h. What is the hundreds digit of d?
1
Let c(v) = v**3 - 23*v**2 - 2*v - 47. Let f be c(23). Let u = 409 + f. What is the units digit of u?
6
Suppose 0 = -5*a + 3*a + 14. Suppose 0 = -8*f + 359 - a. Suppose 2*s + 2*m - f = 0, -5*s - m = -54 - 56. What is the units digit of s?
2
Let s(b) = 3*b - 1. Let i(c) = -276*c - 108. Let g(n) = i(n) + 72*s(n). What is the hundreds digit of g(-5)?
1
Suppose 369*w - 354*w = 0. What is the units digit of 9 - (w + -2)*254?
7
Let y(m) = m**3 - m**2 + 3*m - 12. Let a be y(3). What is the hundreds digit of ((-668)/(-6))/((0 - -5)/a)?
3
Suppose 2*k + 13 = 27. Suppose 2*y = -k*y - 2043. Let j = -154 - y. What is the tens digit of j?
7
Let p = 2939 + 3608. What is the thousands digit of p?
6
What is the thousands digit of -1146*(33*(-2)/12 - 3)?
9
Let k be (((-45)/4)/(-9))/(2/8). Suppose 0 = -k*p - 25, -4*s + p - 3*p = -150. What is the tens digit of s?
4
Suppose 213467 = 4*z + 11*g, 5*g - 266895 = 11*z - 16*z. What is the units digit of z?
6
Let l(p) = 21*p - 43*p - 27 + 15*p + 13*p**2 + 16*p. What is the units digit of l(9)?
7
Let z(n) = -3 - 1 + 3 + 66*n**3 + 2. Suppose -28 = 6*q - 34. What is the tens digit of z(q)?
6
Let a(t) = -2280*t + 1499. What is the thousands digit of a(-15)?
5
Let l(u) = 6*u + 86. Let a be l(-25). Let z = 71 + a. What is the units digit of z?
7
Suppose 4*a + v = 10 + 7, 4*a - 2*v - 2 = 0. Suppose 5*n - 5150 = -5*q, 5*q - 6*q - 3098 = -a*n. What is the tens digit of n?
3
Suppose 0 = -4*j + 8*j + 4*r - 12, -2*r = 4*j - 4. Let p(n) = -7*n - 1. Let t be p(j). Let h(a) = 2*a**3 - 9*a**2 - a + 12. What is the tens digit of h(t)?
1
Let v = 1746 + 7370. What is the tens digit of v?
1
Let a = -10504 + 21102. What is the units digit of a?
8
Suppose -195*m - 49 = -196*m. Suppose 56*p - 5852 = m*p. What is the units digit of p?
6
What is the units digit of 27/2*(-3 - (16499/(-21) - 8))?
4
Let g(v) = 1431*v**3 + 76*v**2 - 165*v + 6. What is the hundreds digit of g(2)?
4
Let r be 22/77 + 4/(-14). Suppose j - 62 = -2*f, 3*j + j + 4*f - 256 = r. What is the tens digit of j?
6
Suppose 56*g - 480 = 26*g. Let y(a) = 17*a + 45. What is the tens digit of y(g)?
1
Suppose 0 = 6*t + 77*t - 1472254. What is the hundreds digit of t?
7
Suppose 5*b - 3 + 33 = 5*d, 3*b = -2*d - 38. Let p be (2 + b + -2)*(-4)/8. Suppose 4*t - 2*t = -4*v + 126, 0 = -v + p*t + 26. What is the units digit of v?
1
Suppose -36*b + 82 = -62. What is the hundreds digit of 2*(4978/b)/19?
1
What is the hundreds digit of (1840/(-48))/((-16)/15 + -3 + 4)?
5
Suppose c - 257 = 53. Suppose 6*j - j - c = 0. Suppose 0 = -5*n - 4*y + j, -6*n + 3*n + 52 = -5*y. What is the units digit of n?
4
Suppose 3*f + 2*d - 28 = 7*f, 3*f = 2*d - 23. Let k = f - -5. Suppose -14*c - 108 + 2754 = k. What is the tens digit of c?
8
Let j(v) = -51 + 37*v + 7 - 71 - 50. What is the hundreds digit of j(22)?
6
What is the tens digit of -5 + 18 + 6865 - 11?
6
Let s = 6345 - -14173. What is the ten thousands digit of s?
2
Suppose -12 = -4*r - 4. Suppose 0 = -2*a + 10, -r*a + 92 = s - a. Let o = 190 - s. What is the hundreds digit of o?
1
Let v(z) = 178*z**2 + 536*z + 5457. What is the thousands digit of v(-10)?
7
Suppose -5*j - 143*c + 131531 = -144*c, c = -5*j + 131519. What is the thousands digit of j?
6
Suppose 529*u - 187902 = 516*u. What is the thousands digit of u?
4
Suppose 46*i = 8*i + 409982. What is the tens digit of i?
8
Suppose -1 = -2*h + 9. Suppose q + g = -q + 162, -5*q = h*g - 410. Suppose 0 = -3*n + 6, -3*o - n + 15 = -q. What is the units digit of o?
1
Let y(j) = -6*j**3 + 0 + 5*j**3 + 0 - 7 + 21*j + 8*j**2. Let g be y(10). Suppose -6*f + g*f + 387 = 0. What is the units digit of f?
9
Let c(x) = -32*x + 26. Let v(w) = 34*w - 24. Let d(k) = 2*c(k) + 3*v(k). What is the tens digit of d(13)?
7
Let x = -1 - -11. Suppose 7*b - x*b = 0. Sup